 2 - 1 - (5 + -3). Suppose -4 = -4*f + c, -4*f - 8 = -6*c + 2*c. Let h(y) = -35*y. Let g(u) = -7*u. Let r(i) = f*h(i) - 11*g(i). What is r(v)?
-7
Let j(r) = -2*r + 5*r**2 + 23*r**3 - 22*r**3 - r. Determine j(-6).
-18
Let s(y) = 2*y**3 - y**2 + y. Let z(n) = -5*n**3 - 2*n**2 + 4*n + 6. Let b(g) = -2*s(g) - z(g). Determine b(-5).
-1
Let u(s) = 2*s**2 - 4*s. Let t(w) = 2*w**2 - 5*w - 1. Let v(p) = 2*t(p) - 3*u(p). Calculate v(2).
-6
Suppose -19 = -2*j - n - 0*n, 4*j = 3*n + 13. Let o(q) = -3*q + 0*q + 2*q - j. Give o(-5).
-2
Suppose -4*u = -q - 13, 0 = -2*q - 9 - 1. Suppose 0 = g + u*m - 14 - 1, -4*m + 45 = 5*g. Let k(i) = 1 - 2*i + 0 - g + 0*i. Calculate k(-4).
4
Let c(b) = b**3 - 2*b**2 + 1. Suppose -10*g + 12 = -4*g. Give c(g).
1
Let k(v) be the second derivative of v**5/20 + 2*v**4/3 + 4*v**3/3 + 9*v**2/2 + 16*v. Determine k(-7).
2
Let n(x) = -3*x - 5. Let z be n(-6). Let w = z - 7. Let m be (-1)/w*-3*-2. Let c(r) = -4*r. Calculate c(m).
4
Let b(c) be the first derivative of -c**2 - 6*c + 2. Suppose 2*s = -j - 14, -4*j - s - 6 = -3*s. What is b(j)?
2
Suppose 3 = x - 0. Let j = 3 - -1. Let l(t) = 5 + x - t - j. Determine l(0).
4
Let p(y) be the third derivative of -y**7/420 + y**5/120 + y**4/24 - y**3/2 + 2*y**2. Let t(h) be the first derivative of p(h). Give t(-1).
2
Let y(g) = 10*g**2 - 7*g - 7. Let t(s) = -s**2 + s + 1. Let u(q) = -14*t(q) - 2*y(q). Suppose 61 = 5*j + 66. Calculate u(j).
-6
Suppose 3*n + 1 = 5*g - 14, -3*n - 3*g - 15 = 0. Let x(p) be the first derivative of -1 + 5*p + 1/2*p**2. Calculate x(n).
0
Suppose 0 = -2*d - 6*d + 3*d. Let f(w) = w + 25. Give f(d).
25
Let p(u) = -u**2 - 8*u + 2. Suppose -45*h + 40 = -50*h. Calculate p(h).
2
Let y(g) = -g - 7. Let k be y(-8). Suppose -3*h - k = -13. Let c(p) = -p - 2. Determine c(h).
-6
Let p(f) be the second derivative of -f**5/20 - f**4/2 - f**3/3 + 3*f**2 - 2*f. Let z be (-2)/5 - (-69)/(-15). What is p(z)?
-9
Let f(d) = d + 8 - 15 - d**2 + 2. Calculate f(0).
-5
Let m(f) = f**2 - 2*f + 1. Let j be m(2). Let q(w) be the first derivative of -5 + 3*w + j + 3 - w**2. Determine q(3).
-3
Let t(c) = -2*c**3 - 6*c**2 + 3*c - 7 + c**2 - 5. Let z(s) = -s**3 - 3*s**2 + 2*s - 6. Let y(v) = -2*t(v) + 5*z(v). Suppose 2*r - 3*r = 6. What is y(r)?
6
Let r(i) = 2*i**3 - 3*i**2 + 2*i. Let l(b) = b + 5. Let s = 2 - 5. Let c be l(s). Let d be (2 + -5)/((-3)/c). What is r(d)?
8
Let p(f) = f - 1. Let m be 504/(-48)*((-5)/3 - -1). What is p(m)?
6
Suppose -8 - 2 = -2*o - h, -4*o = h - 18. Let s be (2/o)/((-4)/(-24)). Let d(t) = t**2 - t. Give d(s).
6
Let h = -12 - -8. Let u(i) be the first derivative of -2*i**3/3 - 5*i**2/2 + 3*i + 6. Give u(h).
-9
Let k(r) = 6*r + 4 + 4 - 7*r. Calculate k(6).
2
Let m(j) be the first derivative of j**3/3 - 4*j**2 + 10*j + 21. Determine m(8).
10
Let m be (-30)/(-8) - (-1)/4. Let n(w) = w**2 - 5*w + 6. Let s be n(4). Let q(y) = -s*y + 8 - y + m*y. Calculate q(-4).
4
Let j = 3 + -2. Let s(b) = 0*b + 0 + 2 - b**2 + j + b. Calculate s(3).
-3
Let w(g) = g**3 + 3*g**2 + g + 3. Let b = 8 + -4. Let q(v) = 3*v**2 + 6 + 2*v - v**3 - 3 - b*v. Let a be q(3). Determine w(a).
0
Suppose 0 = -5*k - n - 55, -5*k - n - 45 = -k. Let w be 2/k + 305/25. Suppose -4*z = w + 4. Let d(u) = -u - 2. Calculate d(z).
2
Let f(c) = -c**3 - 4*c**2 + 4*c + 2. Let n be (-11 - -1)*2/5. Calculate f(n).
-14
Let l be ((-4)/10)/((-5)/25). Suppose 0 = 2*p - 3*n - 34, -2*n + 4*n - 64 = -3*p. Suppose l*q - p = 7*q. Let h(k) = -k - 2. Determine h(q).
2
Suppose 5*d + 3*x - 5 + 4 = 0, 2*d - 4*x - 16 = 0. Let i(l) = -5*l**2 + 4*l**2 - 3*l + 2*l**d - 2. Determine i(5).
8
Let x(l) = 4*l. Suppose 0 = -3*v - 5 - 13. Let p = v - -6. Suppose p = -5*m + m + 4. Calculate x(m).
4
Suppose m + m = 10. Let q(o) = o**3 - 5*o**2 - 3*o + 7. What is q(m)?
-8
Suppose 5*k = -10, 2*m - 2*k + 11 = 7*m. Let h(y) = 5*y + m - 1 - 3 - 2. What is h(2)?
7
Let i(o) = -o**2 - 6*o. Let u = -18 - -14. What is i(u)?
8
Let p(h) be the third derivative of h**5/60 + 5*h**4/12 + h**3/2 - 2*h**2. Let x be p(-10). Let m(a) = -4*a + 2*a + 3*a - 3*a - x. What is m(-4)?
5
Suppose 0 = -5*q + 1 - 6. Let r(t) = t**2 - t. Determine r(q).
2
Let y be 1*(1/(-1) + 9). Let p = 6 - y. Let s(o) be the second derivative of -o**4/12 - o**3/6 + o**2 + 5*o + 5. Determine s(p).
0
Let c(p) = -2*p + 0*p + p. Let f be c(-4). Suppose 2*b + 2 = 3*m + 3, -f = 4*b. Let t(q) = -2*q**2 + 1. Give t(m).
-1
Let f(u) = u**2 - 1. Let b be f(-1). Suppose 3 = w - b*w. Let y(v) = w*v + 0 + 0. Calculate y(2).
6
Let g(u) be the third derivative of 0*u - 3*u**2 - 1/3*u**3 + 1/8*u**4 + 0. Let t be (-1)/((-2)/(-4) - 1). Determine g(t).
4
Let f(x) = -x**3 - 4*x**2 - 2*x + 4. Let q be f(-4). Let i(r) = r + 12 - q + 2*r. Determine i(3).
9
Let t(c) = -2*c + 5 - 6 + 0*c + 4*c. Let n(g) = g**2 + g + 2. Let z be n(0). Give t(z).
3
Let d(s) = -s**2 - 2*s. Let n(t) = -t**2 - 17*t + 15. Let a be n(-18). Calculate d(a).
-3
Let k(j) = -j**3 - 6*j**2 - 5*j - 2. Let a be 14/(-2) - 1/1. Let u be a/3*3/2. Calculate k(u).
-14
Suppose -3*a - h + 15 = 3*h, -a = 3*h. Suppose -a = -2*f - 0*g - g, -4*f - g + 17 = 0. Let x(m) = -1 + 1 - 4*m + 5. Give x(f).
-11
Let b(j) be the third derivative of -j**4/12 + 2*j**3/3 - j**2. Let a be b(3). Let n(i) = 2*i**2 + 2*i + 1. Determine n(a).
5
Let y(w) be the third derivative of 0*w + 1/12*w**6 + 0 - w**2 + 0*w**4 - 1/30*w**5 + 1/6*w**3. Calculate y(1).
9
Let s(d) = -d + 10*d + 0*d - 8*d. Give s(4).
4
Let l(d) = -d**2 + 4*d**2 - d - 4*d - 4*d**2. What is l(-4)?
4
Let l be 2*1/(3 + -2). Suppose 5*r = i, -r + l*r - i - 4 = 0. Let q(p) = -2*p**2 + 1. Give q(r).
-1
Suppose g = 1 + 3. Let v(n) = n. Determine v(g).
4
Let d(p) = 3*p + 5. Let t be 19 + (0 - (2 - 2)). Suppose 4*l = 2*o - 20, 0 = 3*l + 3*o + t - 4. What is d(l)?
-10
Let i be 0/3 + 1 - 0. Let j(b) = -7*b**2 - 2*b + 1. Determine j(i).
-8
Let i be (1 - (-2 + 4))*-3. Let g(j) = 3*j**2 + j**i - 10 - 4*j + 10. What is g(-4)?
0
Suppose 0 = -2*y + y. Suppose y*v - 4*v = -24. Let t(i) = -i**2 + 7*i - 7. What is t(v)?
-1
Let i(n) = 2*n**2 - n**2 + 2 - 2*n - 6*n**2 - n**3 + 0*n. Calculate i(-2).
-6
Let s(x) be the second derivative of -x**5/20 + x**4/12 + x**3/6 + 3*x**2 + 18*x. Let a be 0/1*1/(-2). Calculate s(a).
6
Let a be (-2 + 0)*2/(-4). Let w(b) = 3 - 2*b**3 + 3*b - a - 3. What is w(2)?
-11
Let q(n) = -4*n + 3. Let y(b) = b**2 + 3*b + 4. Let r be y(0). What is q(r)?
-13
Let s(n) be the third derivative of n**5/60 - n**4/24 + 5*n**3/6 + 9*n**2. What is s(4)?
17
Let d(n) = n**2 - 5*n - 4. Suppose 2*o + 0*o = 24. Suppose -x + 4*j - 6*j = -o, -j + 3 = -x. Suppose -18 = -x*f - f. What is d(f)?
2
Let h(a) = 4*a + 1. Suppose -12*r - 9 + 69 = 0. Determine h(r).
21
Let f(l) be the second derivative of -l**5/20 + l**4/2 - 7*l**3/6 + 5*l**2/2 - l. Give f(5).
-5
Let m(o) = o**3 + 19 - o - 18 + 2*o**2 - o**2. What is m(-3)?
-14
Let d(y) = -y**2 + 2*y + 4. Let m be d(3). Let q(s) = -m - 2*s**2 + 0*s**2 - 4*s**2. Give q(-1).
-7
Let d(f) = f**3 + 7*f**2 - 2*f - 2. Let y(h) = -2*h**3 - 14*h**2 + 3*h + 5. Let t(w) = -13*d(w) - 6*y(w). Determine t(-8).
-4
Let z(f) = 5*f - 6*f**2 - 6*f**2 + f + 11*f**2 + 2. Calculate z(5).
7
Let x(c) = 6*c**3 + c**2 + c. Suppose -4*n + 43 = -h, 4*h = -4 - 8. Suppose y - n = -11. Give x(y).
-6
Let b(t) = t**3 - t**2 - 2*t + 1. Let u(d) = d - 10. Let l be u(10). Suppose l = -5*m - s + 7 + 13, 2*m + 3*s = -5. Suppose m*k = -1 - 9. Calculate b(k).
-7
Suppose a + 10 = -4*a. Let f(h) = h**3 + 3*h**2 + 2*h. What is f(a)?
0
Let a(w) = 0*w - 4 + 3 + w - 13*w**2. Let t(u) = -u**2 - 2*u + 9. Let g be t(2). What is a(g)?
-13
Let b(i) = -2*i**3 - 4*i - 1. Let j(g) = -2*g**3 - 5*g - 2. Let c(o) = 3*b(o) - 2*j(o). Calculate c(1).
-3
Let r(f) be the first derivative of -f**2/2 + 3*f + 1. Let p be r(0). Let d(h) = 2*h - h - 3*h - 2 + p*h. Give d(2).
0
Let j(k) be the second derivative of 3*k**5/20 + k**4/12 - k**3/6 - 44*k. Calculate j(1).
3
Let f(j) = -j**2 - 2 + 2*j + 7*j**3 - 5*j**2 - 2*j**2. Let d(z) = -7*z**2 - 2*z**3 - 1 + 5*z**3 + 3*z**3 + z. Let k(m) = 6*d(m) - 5*f(m). What is k(3)?
1
Let r(m) = -m**3 + 3*m**2 - 3*m + 2. Let w = -11 - -12. Suppose 4*a = -a + 5. Let n = w + a. What is r(n)?
0
Let z(w) = 3*w**2 - 10*w - 9. Let s(o) = -o**2 + 5*o + 4. Let u(t) = -5*s(t) - 2*z(t). Determine u(-3).
4
Let h(q) = -q + 10. L